{"id":30,"date":"2025-03-07T14:30:35","date_gmt":"2025-03-07T14:30:35","guid":{"rendered":"https:\/\/www.jarituukkanen.fi\/?page_id=30"},"modified":"2025-03-23T20:19:14","modified_gmt":"2025-03-23T20:19:14","slug":"koulutus","status":"publish","type":"page","link":"https:\/\/www.jarituukkanen.fi\/index.php\/koulutus\/","title":{"rendered":"Kuntavaalit 2025"},"content":{"rendered":"\n<p>T\u00e4ss\u00e4 Keskustan (ja minun) ajatuksia Jyv\u00e4skyl\u00e4n parhaaksi, n\u00e4iden linjausten takana seison 100% my\u00f6s itse.<\/p>\n\n\n\n<p><strong>JYV\u00c4SKYL\u00c4L\u00c4ISTEN TY\u00d6N, YRITT\u00c4MISEN JA HYVINVOINNIN PUOLESTA<br><\/strong>Jyv\u00e4skyl\u00e4 on luonnonl\u00e4heinen koulutus-, kulttuuri- ja liikuntakaupunki. Se on tulevaisuuteen katsova, asukkaita varten rakennettu ja ihmisen kokoinen kaupunki. Edist\u00e4mme Jyv\u00e4skyl\u00e4n elinvoimaa, pitovoimaa ja ilovoimaa.<\/p>\n\n\n\n<ul class=\"wp-block-list\">\n<li>Koko kaupungin elinvoimaa on kehitett\u00e4v\u00e4.<\/li>\n\n\n\n<li>Yritysten edellytyksi\u00e4 menesty\u00e4 ja tarjota ty\u00f6t\u00e4 vahvistetaan mm. kaavoituksen, asumisen ja koulutuksen keinoin. Kaupungin elinkeinopalvelut ja sen tuki yritystoiminnan aloittamisessa ovat merkitykselliset.<\/li>\n\n\n\n<li>Kaupungissa oleva osaaminen pit\u00e4\u00e4 hy\u00f6dynt\u00e4\u00e4 tehokkaammin uusiksi yrityksiksi ja ty\u00f6paikoiksi.<\/li>\n\n\n\n<li>Jokaisella tulee olla vapaus valita asuinpaikkansa. Tonttitarjonnan tulee olla monipuolista ja koko kaupungin kattavaa.<\/li>\n\n\n\n<li>L\u00e4hipalvelut pit\u00e4\u00e4 olla helposti saatavilla, my\u00f6s keskustan ulkopuolella.<\/li>\n\n\n\n<li>Kulttuuripalvelut ovat t\u00e4rke\u00e4 osa elinvoimaista kaupunkia.<\/li>\n<\/ul>\n\n\n\n<ul class=\"wp-block-list\">\n<li>P\u00e4iv\u00e4kotien ja koulujen toiminta on varmistettava l\u00e4hipalveluina kaupungin eri osissa.<\/li>\n\n\n\n<li>L\u00e4hipalveluja voidaan kehitt\u00e4\u00e4 my\u00f6s yhteisty\u00f6ss\u00e4 naapurikuntien kanssa.<\/li>\n\n\n\n<li>Kyl\u00e4yhteis\u00f6j\u00e4 on tuettava alueiden palvelujen kehitt\u00e4j\u00e4n\u00e4 ja hyvinvoinnin lis\u00e4\u00e4jin\u00e4<\/li>\n\n\n\n<li>Kylille t\u00e4rkeiden kokoontumistilojen kiinteist\u00f6verotuksen helpottamista alueellisina toimintakeskuksina pit\u00e4\u00e4 edist\u00e4\u00e4.<\/li>\n\n\n\n<li>Yksityistieavustusten s\u00e4ilytt\u00e4minen<\/li>\n\n\n\n<li>Vapaa-ajan asukkaiden palvelujen kehitt\u00e4minen esim. m\u00f6kkil\u00e4isfoorumien muodossa.<\/li>\n\n\n\n<li>Vapaa-ajan asuntojen sallimista vakituiseen, ymp\u00e4rivuotiseen asumiseen, tulee helpottaa.<\/li>\n\n\n\n<li>Kaupunkilaisten kuuleminen asuinalueita koskevissa asioissa.<\/li>\n<\/ul>\n\n\n\n<p><strong>Uuden keksimisest\u00e4 vanhaan paluuseen<\/strong><\/p>\n\n\n\n<p>Hyvinvointialueuudistus tuotti paljon my\u00f6s seurauksia, joita etuk\u00e4teen ei ole osattu ottaa huomioon. Kuntien ja sotepe-palvelujen erkaantumisessa on nyt tultu siihen pisteeseen, ett\u00e4 on ymm\u00e4rretty yhteisty\u00f6n olevan v\u00e4ltt\u00e4m\u00e4t\u00f6nt\u00e4, jotta kuntien ja hyvinvointialueen asukkaat voivat hyvin. T\u00e4ss\u00e4 taloudellisessa tilanteessa kuntien joutuessa s\u00e4\u00e4st\u00e4m\u00e4\u00e4n peruspalveluistaan, palvelutarve kasvaa ja siit\u00e4 kasvava osuus ohjautuu hyvinvointialueen palveluihin. Vastaavasti hyvinvointialueen s\u00e4\u00e4st\u00e4ess\u00e4 palveluistaan, n\u00e4kyv\u00e4t s\u00e4\u00e4st\u00f6jen vaikutukset varsin nopeasti esimerkiksi kouluissa ja varhaiskasvatuksessa. Niin kuntien kuin hyvinvointialueenkin taistellessa taloutensa kanssa, voidaan v\u00e4h\u00e4isten resurssien yhdist\u00e4misell\u00e4 ja yhteisty\u00f6ll\u00e4 saavuttaa enemm\u00e4n. Siiloutuneesta ajattelusta on p\u00e4\u00e4st\u00e4v\u00e4 eroon, sill\u00e4 \u201dmeid\u00e4n rahat\u201d ja \u201dteid\u00e4n rahat\u201d k\u00e4ytet\u00e4\u00e4n samojen asukkaiden hyv\u00e4ksi.<\/p>\n\n\n\n<p>Sek\u00e4 kuntien ett\u00e4 hyvinvointialueen resurssit ovat veronmaksajien tuottamia resursseja, joiden k\u00e4yt\u00f6n tulee tuottaa alueen asukkaille hy\u00f6ty\u00e4, lis\u00e4arvoa. Kunnissa, varsinkin pienemmiss\u00e4, on ollut hyvi\u00e4 k\u00e4yt\u00e4nteit\u00e4 ja tapoja toimia yhdess\u00e4 ennen hyvinvointialueuudistusta, joiden elvytt\u00e4minen todenn\u00e4k\u00f6isesti suurimmilta osin olisi varsin nopeaa ja helppoa, mik\u00e4li niille n\u00e4hd\u00e4\u00e4n tarvetta ja niist\u00e4 koetaan olevan hy\u00f6ty\u00e4. Kaikkea ei siis tarvitse uudistaa, kaikkea ei hyvinvointialueuudistuksen ole ollut tarkoituskaan muuttaa.<\/p>\n\n\n\n<p>Yhteisty\u00f6t\u00e4 yli itse keksittyjen rajojen!<\/p>\n","protected":false},"excerpt":{"rendered":"<p>T\u00e4ss\u00e4 Keskustan (ja minun) ajatuksia Jyv\u00e4skyl\u00e4n parhaaksi, n\u00e4iden linjausten takana seison 100% my\u00f6s itse. JYV\u00c4SKYL\u00c4L\u00c4ISTEN TY\u00d6N, YRITT\u00c4MISEN JA HYVINVOINNIN PUOLESTAJyv\u00e4skyl\u00e4 on luonnonl\u00e4heinen koulutus-, kulttuuri- ja liikuntakaupunki. Se on tulevaisuuteen katsova, asukkaita varten rakennettu ja ihmisen kokoinen kaupunki. Edist\u00e4mme Jyv\u00e4skyl\u00e4n elinvoimaa, pitovoimaa ja ilovoimaa. Uuden keksimisest\u00e4&nbsp;&hellip;<\/p>\n","protected":false},"author":1,"featured_media":51,"parent":0,"menu_order":0,"comment_status":"closed","ping_status":"closed","template":"","meta":{"footnotes":""},"class_list":["post-30","page","type-page","status-publish","has-post-thumbnail","hentry"],"_links":{"self":[{"href":"https:\/\/www.jarituukkanen.fi\/index.php\/wp-json\/wp\/v2\/pages\/30","targetHints":{"allow":["GET"]}}],"collection":[{"href":"https:\/\/www.jarituukkanen.fi\/index.php\/wp-json\/wp\/v2\/pages"}],"about":[{"href":"https:\/\/www.jarituukkanen.fi\/index.php\/wp-json\/wp\/v2\/types\/page"}],"author":[{"embeddable":true,"href":"https:\/\/www.jarituukkanen.fi\/index.php\/wp-json\/wp\/v2\/users\/1"}],"replies":[{"embeddable":true,"href":"https:\/\/www.jarituukkanen.fi\/index.php\/wp-json\/wp\/v2\/comments?post=30"}],"version-history":[{"count":4,"href":"https:\/\/www.jarituukkanen.fi\/index.php\/wp-json\/wp\/v2\/pages\/30\/revisions"}],"predecessor-version":[{"id":113,"href":"https:\/\/www.jarituukkanen.fi\/index.php\/wp-json\/wp\/v2\/pages\/30\/revisions\/113"}],"wp:featuredmedia":[{"embeddable":true,"href":"https:\/\/www.jarituukkanen.fi\/index.php\/wp-json\/wp\/v2\/media\/51"}],"wp:attachment":[{"href":"https:\/\/www.jarituukkanen.fi\/index.php\/wp-json\/wp\/v2\/media?parent=30"}],"curies":[{"name":"wp","href":"https:\/\/api.w.org\/{rel}","templated":true}]}}